{"id":5849,"date":"2024-03-14T15:52:39","date_gmt":"2024-03-14T14:52:39","guid":{"rendered":"https:\/\/www.congres.sfndt.org\/sfndt\/?page_id=5849"},"modified":"2024-04-11T14:52:53","modified_gmt":"2024-04-11T12:52:53","slug":"mot-du-president","status":"publish","type":"page","link":"https:\/\/www.congres.sfndt.org\/sfndt\/mot-du-president\/","title":{"rendered":"Mot du pr\u00e9sident"},"content":{"rendered":"<p>[vc_row type=\u00a0\u00bbvc_default\u00a0\u00bb full_height=\u00a0\u00bbyes\u00a0\u00bb content_placement=\u00a0\u00bbmiddle\u00a0\u00bb][vc_column width=\u00a0\u00bb5\/12&Prime;][vc_single_image image=\u00a0\u00bb6077&Prime; img_size=\u00a0\u00bbfull\u00a0\u00bb][\/vc_column][vc_column width=\u00a0\u00bb7\/12&Prime;][vc_column_text]<\/p>\n<p style=\"text-align: justify;\"><strong><span style=\"color: #5a7797;\">Les \u00e9quipes de n\u00e9phrologie de Nouvelle-Aquitaine, notamment celles des CHU de Bordeaux, Limoges et Poitiers, se sont mobilis\u00e9es pour que le neuvi\u00e8me congr\u00e8s annuel de la SFNDT soit une r\u00e9ussite, que ce soit sur le versant de la vie scientifique, de la formation m\u00e9dicale continue, ou de la convivialit\u00e9 qui pourra vous surprendre. Le programme est passionnant, les orateurs invit\u00e9s sauront nous captiver, la s\u00e9lection des communications n\u00e9cessite des choix, guid\u00e9s par l\u2019excellence que notre soci\u00e9t\u00e9 d\u00e9veloppe au fil de sa croissance, remarquable \u00e0 tous \u00e9gards. Nous esp\u00e9rons que vous serez tr\u00e8s nombreux \u00e0 participer au congr\u00e8s sur place. Bordeaux et ses environs m\u00e9ritent que vous les visitiez, octobre est une belle p\u00e9riode pour fl\u00e2ner dans les vignes ou vivre les grandes mar\u00e9es.<br \/>\nBienvenue en Nouvelle-Aquitaine \u00e0 tous les n\u00e9phrologues francophones !<br \/>\n<\/span><\/strong><\/p>\n<p style=\"text-align: justify;\"><strong><span style=\"color: #5a7797;\">Christian Combe, Pr\u00e9sident du 9\u00e8me Congr\u00e8s annuel de la SFNDT<br \/>\n<\/span><\/strong>[\/vc_column_text][\/vc_column][\/vc_row][vc_row type=\u00a0\u00bbvc_default\u00a0\u00bb full_width=\u00a0\u00bbstretch_row_content\u00a0\u00bb][vc_column css=\u00a0\u00bb.vc_custom_1681983037501{margin-top: 10px !important;}\u00a0\u00bb][vc_empty_space][vc_custom_heading text=\u00a0\u00bbCOMIT\u00c9 D&rsquo;ORGANISATION\u00a0\u00bb font_container=\u00a0\u00bbtag:h2|font_size:40|text_align:left|color:%23d2d948&Prime; google_fonts=\u00a0\u00bbfont_family:Open%20Sans%20Condensed%3A300%2C300italic%2C700|font_style:700%20bold%20regular%3A700%3Anormal\u00a0\u00bb][vc_empty_space height=\u00a0\u00bb90px\u00a0\u00bb][\/vc_column][\/vc_row][vc_row type=\u00a0\u00bbvc_default\u00a0\u00bb full_width=\u00a0\u00bbstretch_row_content_no_spaces\u00a0\u00bb gap=\u00a0\u00bb10&Prime; equal_height=\u00a0\u00bbyes\u00a0\u00bb full_width_row=\u00a0\u00bbtrue\u00a0\u00bb][vc_column width=\u00a0\u00bb1\/5&Prime; offset=\u00a0\u00bbvc_hidden-sm vc_hidden-xs\u00a0\u00bb][vc_single_image image=\u00a0\u00bb5701&Prime; img_size=\u00a0\u00bbfull\u00a0\u00bb alignment=\u00a0\u00bbcenter\u00a0\u00bb][vc_column_text css=\u00a0\u00bb.vc_custom_1712655149089{margin-top: -35px !important;padding-top: 10px !important;padding-bottom: 10px !important;background-color: #5a7797 !important;}\u00a0\u00bb]<\/p>\n<p style=\"text-align: center; color: #fff;\">Fran\u00e7ois Vrtovsnik<br \/>\nPr\u00e9sident de la SFNDT<\/p>\n<p>[\/vc_column_text][\/vc_column][vc_column width=\u00a0\u00bb1\/5&Prime; offset=\u00a0\u00bbvc_hidden-sm vc_hidden-xs\u00a0\u00bb][vc_single_image image=\u00a0\u00bb5700&Prime; img_size=\u00a0\u00bbfull\u00a0\u00bb alignment=\u00a0\u00bbcenter\u00a0\u00bb][vc_column_text css=\u00a0\u00bb.vc_custom_1712655158961{margin-top: -35px !important;padding-top: 10px !important;padding-bottom: 10px !important;background-color: #5a7797 !important;}\u00a0\u00bb]<\/p>\n<p style=\"text-align: center; color: #fff;\">Christophe Mariat<br \/>\nVice-Pr\u00e9sident de la SFNDT<\/p>\n<p>[\/vc_column_text][\/vc_column][vc_column width=\u00a0\u00bb1\/5&Prime; offset=\u00a0\u00bbvc_hidden-sm vc_hidden-xs\u00a0\u00bb][vc_single_image image=\u00a0\u00bb6055&Prime; img_size=\u00a0\u00bbfull\u00a0\u00bb alignment=\u00a0\u00bbcenter\u00a0\u00bb][vc_column_text css=\u00a0\u00bb.vc_custom_1712839424212{margin-top: -35px !important;padding-top: 10px !important;padding-bottom: 10px !important;background-color: #bdd752 !important;}\u00a0\u00bb]<\/p>\n<p style=\"text-align: center; color: #fff; margin-bottom: -10px;\">Christian Combe<\/p>\n<p style=\"text-align: center; color: #fff;\">(Bordeaux)<br \/>\nPr\u00e9sident du 9\u00e8me Congr\u00e8s<\/p>\n<p>[\/vc_column_text][\/vc_column][vc_column width=\u00a0\u00bb1\/5&Prime; offset=\u00a0\u00bbvc_hidden-sm vc_hidden-xs\u00a0\u00bb][vc_single_image image=\u00a0\u00bb5947&Prime; img_size=\u00a0\u00bbfull\u00a0\u00bb alignment=\u00a0\u00bbcenter\u00a0\u00bb][vc_column_text css=\u00a0\u00bb.vc_custom_1712839431019{margin-top: -35px !important;padding-top: 10px !important;padding-bottom: 10px !important;background-color: #bdd752 !important;}\u00a0\u00bb]<\/p>\n<p style=\"text-align: center; color: #fff; margin-bottom: -10px;\">Fatouma Tour\u00e9<\/p>\n<p style=\"text-align: center; color: #fff;\">(Limoges)<br \/>\nCo-Pr\u00e9sidente du 9\u00e8me Congr\u00e8s<\/p>\n<p>[\/vc_column_text][\/vc_column][vc_column width=\u00a0\u00bb1\/5&Prime; offset=\u00a0\u00bbvc_hidden-sm vc_hidden-xs\u00a0\u00bb][vc_single_image image=\u00a0\u00bb6029&Prime; img_size=\u00a0\u00bbfull\u00a0\u00bb alignment=\u00a0\u00bbcenter\u00a0\u00bb][vc_column_text css=\u00a0\u00bb.vc_custom_1712839437779{margin-top: -35px !important;padding-top: 10px !important;padding-bottom: 10px !important;background-color: #bdd752 !important;}\u00a0\u00bb]<\/p>\n<p style=\"text-align: center; color: #fff; margin-bottom: -10px;\">Frank Bridoux<\/p>\n<p style=\"text-align: center; color: #fff;\">(Poitiers)<br \/>\nCo-Pr\u00e9sident du 9\u00e8me Congr\u00e8s<\/p>\n<p>[\/vc_column_text][\/vc_column][\/vc_row][vc_row type=\u00a0\u00bbvc_default\u00a0\u00bb full_width=\u00a0\u00bbstretch_row_content_no_spaces\u00a0\u00bb gap=\u00a0\u00bb10&Prime; full_width_row=\u00a0\u00bbtrue\u00a0\u00bb][vc_column offset=\u00a0\u00bbvc_hidden-lg vc_hidden-md\u00a0\u00bb][vc_single_image image=\u00a0\u00bb5701&Prime; img_size=\u00a0\u00bbfull\u00a0\u00bb alignment=\u00a0\u00bbcenter\u00a0\u00bb][vc_column_text css=\u00a0\u00bb.vc_custom_1712655279904{margin-top: -35px !important;padding-top: 10px !important;padding-bottom: 10px !important;background-color: #5a7797 !important;}\u00a0\u00bb]<\/p>\n<p style=\"text-align: center; color: #fff;\">Fran\u00e7ois Vrtovsnik<br \/>\nPr\u00e9sident de la SFNDT<br \/>\nParis<\/p>\n<p>[\/vc_column_text][vc_single_image image=\u00a0\u00bb5700&Prime; img_size=\u00a0\u00bbfull\u00a0\u00bb alignment=\u00a0\u00bbcenter\u00a0\u00bb][vc_column_text css=\u00a0\u00bb.vc_custom_1712655287767{margin-top: -35px !important;padding-top: 10px !important;padding-bottom: 10px !important;background-color: #5a7797 !important;}\u00a0\u00bb]<\/p>\n<p style=\"text-align: center; color: #fff;\">Christophe Mariat<br \/>\nVice-Pr\u00e9sident de la SFNDT<br \/>\nSaint-Etienne<\/p>\n<p>[\/vc_column_text][vc_single_image image=\u00a0\u00bb5859&Prime; img_size=\u00a0\u00bbfull\u00a0\u00bb alignment=\u00a0\u00bbcenter\u00a0\u00bb][vc_column_text css=\u00a0\u00bb.vc_custom_1712655296383{margin-top: -35px !important;padding-top: 10px !important;padding-bottom: 10px !important;background-color: #5a7797 !important;}\u00a0\u00bb]<\/p>\n<p style=\"text-align: center; color: #fff;\">Christian Combe<br \/>\nPr\u00e9sident du 9\u00e8me Congr\u00e8s annuel de la SFNDT<br \/>\nBordeaux<\/p>\n<p>[\/vc_column_text][vc_single_image image=\u00a0\u00bb5947&Prime; img_size=\u00a0\u00bbfull\u00a0\u00bb alignment=\u00a0\u00bbcenter\u00a0\u00bb][vc_column_text css=\u00a0\u00bb.vc_custom_1710426605209{margin-top: -35px !important;padding-top: 10px !important;padding-bottom: 10px !important;background-color: #5a7797 !important;}\u00a0\u00bb]<\/p>\n<p style=\"text-align: center; color: #fff;\"><b>Fatouma Tour\u00e9-Diabira<\/b><br \/>\nPr\u00e9sidente du 9\u00e8me Congr\u00e8s annuel de la SFNDT<br \/>\nLimoges<\/p>\n<p>[\/vc_column_text][vc_single_image image=\u00a0\u00bb6029&Prime; img_size=\u00a0\u00bbfull\u00a0\u00bb alignment=\u00a0\u00bbcenter\u00a0\u00bb][vc_column_text css=\u00a0\u00bb.vc_custom_1712655304447{margin-top: -35px !important;padding-top: 10px !important;padding-bottom: 10px !important;background-color: #5a7797 !important;}\u00a0\u00bb]<\/p>\n<p style=\"text-align: center; color: #fff;\">Frank Bridoux<br \/>\nPr\u00e9sident du 9\u00e8me Congr\u00e8s annuel de la SFNDT<br \/>\nPoitiers<\/p>\n<p>[\/vc_column_text][\/vc_column][\/vc_row]<\/p>\n","protected":false},"excerpt":{"rendered":"<p>[vc_row type=\u00a0\u00bbvc_default\u00a0\u00bb full_height=\u00a0\u00bbyes\u00a0\u00bb content_placement=\u00a0\u00bbmiddle\u00a0\u00bb][vc_column width=\u00a0\u00bb5\/12&Prime;][vc_single_image image=\u00a0\u00bb6077&Prime; img_size=\u00a0\u00bbfull\u00a0\u00bb][\/vc_column][vc_column width=\u00a0\u00bb7\/12&Prime;][vc_column_text] Les \u00e9quipes de n\u00e9phrologie de Nouvelle-Aquitaine, notamment celles des CHU de Bordeaux, Limoges et Poitiers, se sont mobilis\u00e9es pour que le neuvi\u00e8me congr\u00e8s annuel de la SFNDT soit une r\u00e9ussite, que ce soit sur le versant de la vie scientifique, de la formation m\u00e9dicale continue, ou de&hellip;<\/p>\n","protected":false},"author":1,"featured_media":0,"parent":0,"menu_order":0,"comment_status":"closed","ping_status":"closed","template":"","meta":{"inline_featured_image":false},"_links":{"self":[{"href":"https:\/\/www.congres.sfndt.org\/sfndt\/wp-json\/wp\/v2\/pages\/5849"}],"collection":[{"href":"https:\/\/www.congres.sfndt.org\/sfndt\/wp-json\/wp\/v2\/pages"}],"about":[{"href":"https:\/\/www.congres.sfndt.org\/sfndt\/wp-json\/wp\/v2\/types\/page"}],"author":[{"embeddable":true,"href":"https:\/\/www.congres.sfndt.org\/sfndt\/wp-json\/wp\/v2\/users\/1"}],"replies":[{"embeddable":true,"href":"https:\/\/www.congres.sfndt.org\/sfndt\/wp-json\/wp\/v2\/comments?post=5849"}],"version-history":[{"count":15,"href":"https:\/\/www.congres.sfndt.org\/sfndt\/wp-json\/wp\/v2\/pages\/5849\/revisions"}],"predecessor-version":[{"id":6080,"href":"https:\/\/www.congres.sfndt.org\/sfndt\/wp-json\/wp\/v2\/pages\/5849\/revisions\/6080"}],"wp:attachment":[{"href":"https:\/\/www.congres.sfndt.org\/sfndt\/wp-json\/wp\/v2\/media?parent=5849"}],"curies":[{"name":"wp","href":"https:\/\/api.w.org\/{rel}","templated":true}]}}

Mot du président

<p>[vc_row type= »vc_default » full_height= »yes » content_placement= »middle »][vc_column width= »5/12&Prime;][vc_single_image image= »6077&Prime; img_size= »full »][/vc_column][vc_column width= »7/12&Prime;][vc_column_text]</p>
<p style="text-align: justify;"><strong><span style="color: #5a7797;">Les équipes de néphrologie de Nouvelle-Aquitaine, notamment celles des CHU de Bordeaux, Limoges et Poitiers, se sont mobilisées pour que le neuvième congrès annuel de la SFNDT soit une réussite, que ce soit sur le versant de la vie scientifique, de la formation médicale continue, ou de la convivialité qui pourra vous surprendre. Le programme est passionnant, les orateurs invités sauront nous captiver, la sélection des communications nécessite des choix, guidés par l’excellence que notre société développe au fil de sa croissance, remarquable à tous égards. Nous espérons que vous serez très nombreux à participer au congrès sur place. Bordeaux et ses environs méritent que vous les visitiez, octobre est une belle période pour flâner dans les vignes ou vivre les grandes marées.<br />
Bienvenue en Nouvelle-Aquitaine à tous les néphrologues francophones !<br />
</span></strong></p>
<p style="text-align: justify;"><strong><span style="color: #5a7797;">Christian Combe, Président du 9ème Congrès annuel de la SFNDT<br />
</span></strong>[/vc_column_text][/vc_column][/vc_row][vc_row type= »vc_default » full_width= »stretch_row_content »][vc_column css= ».vc_custom_1681983037501{margin-top: 10px !important;} »][vc_empty_space][vc_custom_heading text= »COMITÉ D&rsquo;ORGANISATION » font_container= »tag:h2|font_size:40|text_align:left|color:%23d2d948&Prime; google_fonts= »font_family:Open%20Sans%20Condensed%3A300%2C300italic%2C700|font_style:700%20bold%20regular%3A700%3Anormal »][vc_empty_space height= »90px »][/vc_column][/vc_row][vc_row type= »vc_default » full_width= »stretch_row_content_no_spaces » gap= »10&Prime; equal_height= »yes » full_width_row= »true »][vc_column width= »1/5&Prime; offset= »vc_hidden-sm vc_hidden-xs »][vc_single_image image= »5701&Prime; img_size= »full » alignment= »center »][vc_column_text css= ».vc_custom_1712655149089{margin-top: -35px !important;padding-top: 10px !important;padding-bottom: 10px !important;background-color: #5a7797 !important;} »]</p>
<p style="text-align: center; color: #fff;">François Vrtovsnik<br />
Président de la SFNDT</p>
<p>[/vc_column_text][/vc_column][vc_column width= »1/5&Prime; offset= »vc_hidden-sm vc_hidden-xs »][vc_single_image image= »5700&Prime; img_size= »full » alignment= »center »][vc_column_text css= ».vc_custom_1712655158961{margin-top: -35px !important;padding-top: 10px !important;padding-bottom: 10px !important;background-color: #5a7797 !important;} »]</p>
<p style="text-align: center; color: #fff;">Christophe Mariat<br />
Vice-Président de la SFNDT</p>
<p>[/vc_column_text][/vc_column][vc_column width= »1/5&Prime; offset= »vc_hidden-sm vc_hidden-xs »][vc_single_image image= »6055&Prime; img_size= »full » alignment= »center »][vc_column_text css= ».vc_custom_1712839424212{margin-top: -35px !important;padding-top: 10px !important;padding-bottom: 10px !important;background-color: #bdd752 !important;} »]</p>
<p style="text-align: center; color: #fff; margin-bottom: -10px;">Christian Combe</p>
<p style="text-align: center; color: #fff;">(Bordeaux)<br />
Président du 9ème Congrès</p>
<p>[/vc_column_text][/vc_column][vc_column width= »1/5&Prime; offset= »vc_hidden-sm vc_hidden-xs »][vc_single_image image= »5947&Prime; img_size= »full » alignment= »center »][vc_column_text css= ».vc_custom_1712839431019{margin-top: -35px !important;padding-top: 10px !important;padding-bottom: 10px !important;background-color: #bdd752 !important;} »]</p>
<p style="text-align: center; color: #fff; margin-bottom: -10px;">Fatouma Touré</p>
<p style="text-align: center; color: #fff;">(Limoges)<br />
Co-Présidente du 9ème Congrès</p>
<p>[/vc_column_text][/vc_column][vc_column width= »1/5&Prime; offset= »vc_hidden-sm vc_hidden-xs »][vc_single_image image= »6029&Prime; img_size= »full » alignment= »center »][vc_column_text css= ».vc_custom_1712839437779{margin-top: -35px !important;padding-top: 10px !important;padding-bottom: 10px !important;background-color: #bdd752 !important;} »]</p>
<p style="text-align: center; color: #fff; margin-bottom: -10px;">Frank Bridoux</p>
<p style="text-align: center; color: #fff;">(Poitiers)<br />
Co-Président du 9ème Congrès</p>
<p>[/vc_column_text][/vc_column][/vc_row][vc_row type= »vc_default » full_width= »stretch_row_content_no_spaces » gap= »10&Prime; full_width_row= »true »][vc_column offset= »vc_hidden-lg vc_hidden-md »][vc_single_image image= »5701&Prime; img_size= »full » alignment= »center »][vc_column_text css= ».vc_custom_1712655279904{margin-top: -35px !important;padding-top: 10px !important;padding-bottom: 10px !important;background-color: #5a7797 !important;} »]</p>
<p style="text-align: center; color: #fff;">François Vrtovsnik<br />
Président de la SFNDT<br />
Paris</p>
<p>[/vc_column_text][vc_single_image image= »5700&Prime; img_size= »full » alignment= »center »][vc_column_text css= ».vc_custom_1712655287767{margin-top: -35px !important;padding-top: 10px !important;padding-bottom: 10px !important;background-color: #5a7797 !important;} »]</p>
<p style="text-align: center; color: #fff;">Christophe Mariat<br />
Vice-Président de la SFNDT<br />
Saint-Etienne</p>
<p>[/vc_column_text][vc_single_image image= »5859&Prime; img_size= »full » alignment= »center »][vc_column_text css= ».vc_custom_1712655296383{margin-top: -35px !important;padding-top: 10px !important;padding-bottom: 10px !important;background-color: #5a7797 !important;} »]</p>
<p style="text-align: center; color: #fff;">Christian Combe<br />
Président du 9ème Congrès annuel de la SFNDT<br />
Bordeaux</p>
<p>[/vc_column_text][vc_single_image image= »5947&Prime; img_size= »full » alignment= »center »][vc_column_text css= ».vc_custom_1710426605209{margin-top: -35px !important;padding-top: 10px !important;padding-bottom: 10px !important;background-color: #5a7797 !important;} »]</p>
<p style="text-align: center; color: #fff;"><b>Fatouma Touré-Diabira</b><br />
Présidente du 9ème Congrès annuel de la SFNDT<br />
Limoges</p>
<p>[/vc_column_text][vc_single_image image= »6029&Prime; img_size= »full » alignment= »center »][vc_column_text css= ».vc_custom_1712655304447{margin-top: -35px !important;padding-top: 10px !important;padding-bottom: 10px !important;background-color: #5a7797 !important;} »]</p>
<p style="text-align: center; color: #fff;">Frank Bridoux<br />
Président du 9ème Congrès annuel de la SFNDT<br />
Poitiers</p>
<p>[/vc_column_text][/vc_column][/vc_row]</p>

<p>[vc_row type= »vc_default » full_height= »yes » content_placement= »middle »][vc_column width= »5/12&Prime;][vc_single_image image= »6077&Prime; img_size= »full »][/vc_column][vc_column width= »7/12&Prime;][vc_column_text] Les équipes de néphrologie de Nouvelle-Aquitaine, notamment celles des CHU de Bordeaux, Limoges et Poitiers, se sont mobilisées pour que le neuvième congrès annuel de la SFNDT soit une réussite, que ce soit sur le versant de la vie scientifique, de la formation médicale continue, ou de&hellip;</p>
