{"id":4070,"date":"2022-12-19T17:19:39","date_gmt":"2022-12-19T16:19:39","guid":{"rendered":"https:\/\/www.congres.sfndt.org\/?page_id=4070"},"modified":"2026-02-09T15:46:49","modified_gmt":"2026-02-09T14:46:49","slug":"informations-pratiques-2","status":"publish","type":"page","link":"https:\/\/www.congres.sfndt.org\/sfndt\/informations-pratiques-2\/","title":{"rendered":"INFORMATIONS PRATIQUES &#x2705;"},"content":{"rendered":"<p>[vc_row type=\u00a0\u00bbvc_default\u00a0\u00bb full_width=\u00a0\u00bbstretch_row_content\u00a0\u00bb][vc_column][vc_custom_heading text=\u00a0\u00bbINFORMATIONS PRATIQUES\u00a0\u00bb font_container=\u00a0\u00bbtag:h2|font_size:40|text_align:left|color:%23d2d948&Prime; google_fonts=\u00a0\u00bbfont_family:Open%20Sans%20Condensed%3A300%2C300italic%2C700|font_style:700%20bold%20regular%3A700%3Anormal\u00a0\u00bb][vc_empty_space][\/vc_column][\/vc_row][vc_row type=\u00a0\u00bbvc_default\u00a0\u00bb full_width=\u00a0\u00bbstretch_row_content\u00a0\u00bb][vc_column][vc_empty_space][vc_custom_heading text=\u00a0\u00bbCOMMENT VENIR AU CENTRE DES CONGRES DE PARIS ?\u00a0\u00bb font_container=\u00a0\u00bbtag:h2|font_size:40|text_align:left|color:%235a7797&Prime; google_fonts=\u00a0\u00bbfont_family:Open%20Sans%20Condensed%3A300%2C300italic%2C700|font_style:700%20bold%20regular%3A700%3Anormal\u00a0\u00bb][vc_empty_space][vc_column_text]<strong>Palais des Congr\u00e8s de Paris<br \/>\n2 Place de la Porte Maillot, 75017 Paris<br \/>\n01 40 68 22 22<\/strong>[\/vc_column_text][vc_row_inner][vc_column_inner width=\u00a0\u00bb1\/3&Prime;]<div class=\" uavc-icons-center uavc-icons \">\n<div class=\"aio-icon  \" data-animation=\"\" data-animation-delay=\"03\" style=\"color:#d5da44;font-size:40px;margin-right:2px;\">\n\t<i class=\"Defaults-subway\"><\/i>\n<\/div><\/div>[vc_column_text]<\/p>\n<p style=\"text-align: center\"><strong>METRO<br \/>\n<\/strong>Ligne 1, Station Porte Maillot &#8211; sortie 3<\/p>\n<p style=\"text-align: center\"><strong>RER<br \/>\n<\/strong>Ligne C, Station Neuilly &#8211; Porte Maillot<br \/>\nLigne E, Station Neuilly &#8211; Porte Maillot<\/p>\n<p style=\"text-align: center\"><strong>TRAMWAY<br \/>\n<\/strong>Ligne T3b, Station Porte Maillot<\/p>\n<p style=\"text-align: center\"><strong>BUS<br \/>\n<\/strong>Lignes 43, 73, 82, 244, PC<\/p>\n<p>[\/vc_column_text][\/vc_column_inner][vc_column_inner width=\u00a0\u00bb1\/3&Prime;]<div class=\" uavc-icons-center uavc-icons \">\n<div class=\"aio-icon  \" data-animation=\"\" data-animation-delay=\"03\" style=\"color:#d5da44;font-size:40px;margin-right:5px;\">\n\t<i class=\"fas fa-car\"><\/i>\n<\/div><\/div>[vc_column_text]<\/p>\n<p style=\"text-align: center\"><strong>Parking Indigo Porte Maillot<\/strong><\/p>\n<p style=\"text-align: center\">2 Place de la Porte Maillot, 75017 Paris<\/p>\n<p>[\/vc_column_text][\/vc_column_inner][vc_column_inner width=\u00a0\u00bb1\/3&Prime;]<div class=\" uavc-icons-center uavc-icons \">\n<div class=\"aio-icon  \" data-animation=\"\" data-animation-delay=\"03\" style=\"color:#d5da44;font-size:40px;margin-right:5px;\">\n\t<i class=\"Defaults-plane\"><\/i>\n<\/div><\/div>[vc_column_text]<\/p>\n<p style=\"text-align: center\"><strong>Depuis l&rsquo;a\u00e9roport Roissy-Charles de Gaulle &#8211; 45 minutes en taxi<\/strong><\/p>\n<p style=\"text-align: center\">RER B direction Saint-R\u00e9my-l\u00e8s-Chevreuse jusqu\u2019\u00e0 Gare du Nord, RER E direction Nanterre la Folie jusqu&rsquo;\u00e0 Neuilly &#8211; Porte Maillot<\/p>\n<p style=\"text-align: center\"><strong>Depuis l&rsquo;a\u00e9roport Paris-Orly &#8211; 30 minutes en taxi<\/strong><\/p>\n<p style=\"text-align: center\">M\u00e9tro ligne 14 direction Saint-Denis &#8211; Pleyel jusqu\u2019\u00e0 Saint-Lazare, RER E direction Nanterre la Folie jusqu&rsquo;\u00e0 Neuilly &#8211; Porte Maillot<\/p>\n<p style=\"text-align: center\">ou<\/p>\n<p style=\"text-align: center\">M\u00e9tro ligne 14 direction Saint-Denis &#8211; Pleyel jusqu\u2019\u00e0 Ch\u00e2telet &#8211; Les Halles, m\u00e9tro ligne 1 direction La D\u00e9fense jusqu&rsquo;\u00e0 Porte Maillot<\/p>\n<p>[\/vc_column_text][\/vc_column_inner][\/vc_row_inner][vc_empty_space height=\u00a0\u00bb20px\u00a0\u00bb][\/vc_column][\/vc_row][vc_row type=\u00a0\u00bbvc_default\u00a0\u00bb full_width=\u00a0\u00bbstretch_row_content\u00a0\u00bb][vc_column][vc_custom_heading text=\u00a0\u00bbH\u00e9bergement\u00a0\u00bb font_container=\u00a0\u00bbtag:h2|font_size:40|text_align:left|color:%235a7797&Prime; google_fonts=\u00a0\u00bbfont_family:Open%20Sans%20Condensed%3A300%2C300italic%2C700|font_style:700%20bold%20regular%3A700%3Anormal\u00a0\u00bb][vc_empty_space][vc_column_text]Des chambres seront r\u00e9serv\u00e9es pour les participants \u00e0 des tarifs pr\u00e9f\u00e9rentiels du 13 au 16 octobre 2026.<br \/>\nVous pourrez r\u00e9server votre h\u00e9bergement directement depuis votre espace personnel d\u00e8s l\u2019ouverture des inscriptions.[\/vc_column_text][\/vc_column][\/vc_row][vc_row type=\u00a0\u00bbvc_default\u00a0\u00bb disable_element=\u00a0\u00bbyes\u00a0\u00bb][vc_column][vc_column_text]Des chambres ont \u00e9t\u00e9 r\u00e9serv\u00e9es pour les participants sur le lieu du congr\u00e8s \u00e0 des tarifs pr\u00e9f\u00e9rentiels.<br \/>\nInformations et r\u00e9servation : Overcome,\u00a0<a class=\"email\" href=\"mailto:sfndt-housing@overcome.fr\">sfndt-housing@overcome.fr<\/a>\u00a0(+33 (0)1 40 88 97 97).[\/vc_column_text][\/vc_column][\/vc_row][vc_row type=\u00a0\u00bbvc_default\u00a0\u00bb full_width=\u00a0\u00bbstretch_row_content\u00a0\u00bb][vc_column][vc_custom_heading text=\u00a0\u00bbD\u00eener du congr\u00e8s\u00a0\u00bb font_container=\u00a0\u00bbtag:h2|font_size:40|text_align:left|color:%235a7797&Prime; google_fonts=\u00a0\u00bbfont_family:Open%20Sans%20Condensed%3A300%2C300italic%2C700|font_style:700%20bold%20regular%3A700%3Anormal\u00a0\u00bb][vc_empty_space][vc_column_text]Le d\u00eener du congr\u00e8s aura lieu le jeudi 15 octobre 2026 \u00e0 l\u2019Aquarium de Paris \u00e0 partir de 20h.<br \/>\nLe d\u00eener est sur inscription. Vous pouvez vous inscrire via le formulaire d\u2019inscription ou dans votre espace personnel d\u2019inscription.<\/p>\n<p>Pour plus d\u2019informations : <a href=\"mailto:inscription@overcome.fr\">inscription@overcome.fr<\/a>[\/vc_column_text][\/vc_column][\/vc_row]<\/p>\n","protected":false},"excerpt":{"rendered":"<p>[vc_row type=\u00a0\u00bbvc_default\u00a0\u00bb full_width=\u00a0\u00bbstretch_row_content\u00a0\u00bb][vc_column][vc_custom_heading text=\u00a0\u00bbINFORMATIONS PRATIQUES\u00a0\u00bb font_container=\u00a0\u00bbtag:h2|font_size:40|text_align:left|color:%23d2d948&Prime; google_fonts=\u00a0\u00bbfont_family:Open%20Sans%20Condensed%3A300%2C300italic%2C700|font_style:700%20bold%20regular%3A700%3Anormal\u00a0\u00bb][vc_empty_space][\/vc_column][\/vc_row][vc_row type=\u00a0\u00bbvc_default\u00a0\u00bb full_width=\u00a0\u00bbstretch_row_content\u00a0\u00bb][vc_column][vc_empty_space][vc_custom_heading text=\u00a0\u00bbCOMMENT VENIR AU CENTRE DES CONGRES DE PARIS ?\u00a0\u00bb font_container=\u00a0\u00bbtag:h2|font_size:40|text_align:left|color:%235a7797&Prime; google_fonts=\u00a0\u00bbfont_family:Open%20Sans%20Condensed%3A300%2C300italic%2C700|font_style:700%20bold%20regular%3A700%3Anormal\u00a0\u00bb][vc_empty_space][vc_column_text]Palais des Congr\u00e8s de Paris 2 Place de la Porte Maillot, 75017 Paris 01 40 68 22 22[\/vc_column_text][vc_row_inner][vc_column_inner width=\u00a0\u00bb1\/3&Prime;][vc_column_text] METRO Ligne 1, Station Porte Maillot &#8211; sortie 3 RER Ligne C, Station Neuilly &#8211; Porte Maillot&hellip;<\/p>\n","protected":false},"author":1,"featured_media":0,"parent":0,"menu_order":0,"comment_status":"closed","ping_status":"closed","template":"","meta":{"inline_featured_image":false},"_links":{"self":[{"href":"https:\/\/www.congres.sfndt.org\/sfndt\/wp-json\/wp\/v2\/pages\/4070"}],"collection":[{"href":"https:\/\/www.congres.sfndt.org\/sfndt\/wp-json\/wp\/v2\/pages"}],"about":[{"href":"https:\/\/www.congres.sfndt.org\/sfndt\/wp-json\/wp\/v2\/types\/page"}],"author":[{"embeddable":true,"href":"https:\/\/www.congres.sfndt.org\/sfndt\/wp-json\/wp\/v2\/users\/1"}],"replies":[{"embeddable":true,"href":"https:\/\/www.congres.sfndt.org\/sfndt\/wp-json\/wp\/v2\/comments?post=4070"}],"version-history":[{"count":54,"href":"https:\/\/www.congres.sfndt.org\/sfndt\/wp-json\/wp\/v2\/pages\/4070\/revisions"}],"predecessor-version":[{"id":6513,"href":"https:\/\/www.congres.sfndt.org\/sfndt\/wp-json\/wp\/v2\/pages\/4070\/revisions\/6513"}],"wp:attachment":[{"href":"https:\/\/www.congres.sfndt.org\/sfndt\/wp-json\/wp\/v2\/media?parent=4070"}],"curies":[{"name":"wp","href":"https:\/\/api.w.org\/{rel}","templated":true}]}}

<p>[vc_row type= »vc_default » full_width= »stretch_row_content »][vc_column][vc_custom_heading text= »INFORMATIONS PRATIQUES » font_container= »tag:h2|font_size:40|text_align:left|color:%23d2d948&Prime; google_fonts= »font_family:Open%20Sans%20Condensed%3A300%2C300italic%2C700|font_style:700%20bold%20regular%3A700%3Anormal »][vc_empty_space][/vc_column][/vc_row][vc_row type= »vc_default » full_width= »stretch_row_content »][vc_column][vc_empty_space][vc_custom_heading text= »COMMENT VENIR AU CENTRE DES CONGRES DE PARIS ? » font_container= »tag:h2|font_size:40|text_align:left|color:%235a7797&Prime; google_fonts= »font_family:Open%20Sans%20Condensed%3A300%2C300italic%2C700|font_style:700%20bold%20regular%3A700%3Anormal »][vc_empty_space][vc_column_text]<strong>Palais des Congrès de Paris<br />
2 Place de la Porte Maillot, 75017 Paris<br />
01 40 68 22 22</strong>[/vc_column_text][vc_row_inner][vc_column_inner width= »1/3&Prime;]<div class=" uavc-icons-center uavc-icons ">
<div class="aio-icon  " data-animation="" data-animation-delay="03" style="color:#d5da44;font-size:40px;margin-right:2px;">
	<i class="Defaults-subway"></i>
</div></div>[vc_column_text]</p>
<p style="text-align: center"><strong>METRO<br />
</strong>Ligne 1, Station Porte Maillot &#8211; sortie 3</p>
<p style="text-align: center"><strong>RER<br />
</strong>Ligne C, Station Neuilly &#8211; Porte Maillot<br />
Ligne E, Station Neuilly &#8211; Porte Maillot</p>
<p style="text-align: center"><strong>TRAMWAY<br />
</strong>Ligne T3b, Station Porte Maillot</p>
<p style="text-align: center"><strong>BUS<br />
</strong>Lignes 43, 73, 82, 244, PC</p>
<p>[/vc_column_text][/vc_column_inner][vc_column_inner width= »1/3&Prime;]<div class=" uavc-icons-center uavc-icons ">
<div class="aio-icon  " data-animation="" data-animation-delay="03" style="color:#d5da44;font-size:40px;margin-right:5px;">
	<i class="fas fa-car"></i>
</div></div>[vc_column_text]</p>
<p style="text-align: center"><strong>Parking Indigo Porte Maillot</strong></p>
<p style="text-align: center">2 Place de la Porte Maillot, 75017 Paris</p>
<p>[/vc_column_text][/vc_column_inner][vc_column_inner width= »1/3&Prime;]<div class=" uavc-icons-center uavc-icons ">
<div class="aio-icon  " data-animation="" data-animation-delay="03" style="color:#d5da44;font-size:40px;margin-right:5px;">
	<i class="Defaults-plane"></i>
</div></div>[vc_column_text]</p>
<p style="text-align: center"><strong>Depuis l&rsquo;aéroport Roissy-Charles de Gaulle &#8211; 45 minutes en taxi</strong></p>
<p style="text-align: center">RER B direction Saint-Rémy-lès-Chevreuse jusqu’à Gare du Nord, RER E direction Nanterre la Folie jusqu&rsquo;à Neuilly &#8211; Porte Maillot</p>
<p style="text-align: center"><strong>Depuis l&rsquo;aéroport Paris-Orly &#8211; 30 minutes en taxi</strong></p>
<p style="text-align: center">Métro ligne 14 direction Saint-Denis &#8211; Pleyel jusqu’à Saint-Lazare, RER E direction Nanterre la Folie jusqu&rsquo;à Neuilly &#8211; Porte Maillot</p>
<p style="text-align: center">ou</p>
<p style="text-align: center">Métro ligne 14 direction Saint-Denis &#8211; Pleyel jusqu’à Châtelet &#8211; Les Halles, métro ligne 1 direction La Défense jusqu&rsquo;à Porte Maillot</p>
<p>[/vc_column_text][/vc_column_inner][/vc_row_inner][vc_empty_space height= »20px »][/vc_column][/vc_row][vc_row type= »vc_default » full_width= »stretch_row_content »][vc_column][vc_custom_heading text= »Hébergement » font_container= »tag:h2|font_size:40|text_align:left|color:%235a7797&Prime; google_fonts= »font_family:Open%20Sans%20Condensed%3A300%2C300italic%2C700|font_style:700%20bold%20regular%3A700%3Anormal »][vc_empty_space][vc_column_text]Des chambres seront réservées pour les participants à des tarifs préférentiels du 13 au 16 octobre 2026.<br />
Vous pourrez réserver votre hébergement directement depuis votre espace personnel dès l’ouverture des inscriptions.[/vc_column_text][/vc_column][/vc_row][vc_row type= »vc_default » disable_element= »yes »][vc_column][vc_column_text]Des chambres ont été réservées pour les participants sur le lieu du congrès à des tarifs préférentiels.<br />
Informations et réservation : Overcome, <a class="email" href="mailto:sfndt-housing@overcome.fr">sfndt-housing@overcome.fr</a> (+33 (0)1 40 88 97 97).[/vc_column_text][/vc_column][/vc_row][vc_row type= »vc_default » full_width= »stretch_row_content »][vc_column][vc_custom_heading text= »Dîner du congrès » font_container= »tag:h2|font_size:40|text_align:left|color:%235a7797&Prime; google_fonts= »font_family:Open%20Sans%20Condensed%3A300%2C300italic%2C700|font_style:700%20bold%20regular%3A700%3Anormal »][vc_empty_space][vc_column_text]Le dîner du congrès aura lieu le jeudi 15 octobre 2026 à l’Aquarium de Paris à partir de 20h.<br />
Le dîner est sur inscription. Vous pouvez vous inscrire via le formulaire d’inscription ou dans votre espace personnel d’inscription.</p>
<p>Pour plus d’informations : <a href="mailto:inscription@overcome.fr">inscription@overcome.fr</a>[/vc_column_text][/vc_column][/vc_row]</p>

<p>[vc_row type= »vc_default » full_width= »stretch_row_content »][vc_column][vc_custom_heading text= »INFORMATIONS PRATIQUES » font_container= »tag:h2|font_size:40|text_align:left|color:%23d2d948&Prime; google_fonts= »font_family:Open%20Sans%20Condensed%3A300%2C300italic%2C700|font_style:700%20bold%20regular%3A700%3Anormal »][vc_empty_space][/vc_column][/vc_row][vc_row type= »vc_default » full_width= »stretch_row_content »][vc_column][vc_empty_space][vc_custom_heading text= »COMMENT VENIR AU CENTRE DES CONGRES DE PARIS ? » font_container= »tag:h2|font_size:40|text_align:left|color:%235a7797&Prime; google_fonts= »font_family:Open%20Sans%20Condensed%3A300%2C300italic%2C700|font_style:700%20bold%20regular%3A700%3Anormal »][vc_empty_space][vc_column_text]Palais des Congrès de Paris 2 Place de la Porte Maillot, 75017 Paris 01 40 68 22 22[/vc_column_text][vc_row_inner][vc_column_inner width= »1/3&Prime;][vc_column_text] METRO Ligne 1, Station Porte Maillot &#8211; sortie 3 RER Ligne C, Station Neuilly &#8211; Porte Maillot&hellip;</p>
